What is the units digit of 64254415?
5
What is the units digit of 70087824?
4
What is the ten millions digit of 14791301?
1
What is the hundreds digit of 34141176?
1
What is the millions digit of 150030364?
0
What is the units digit of 2911104598?
8
What is the hundred millions digit of 520894025?
5
What is the thousands digit of 221154339?
4
What is the hundred thousands digit of 101843771?
8
What is the hundred thousands digit of 278884781?
8
What is the hundreds digit of 1608936453?
4
What is the hundred thousands digit of 7240272418?
2
What is the hundred thousands digit of 1228999116?
9
What is the units digit of 30153526?
6
What is the ten millions digit of 226104415?
2
What is the hundred millions digit of 146582968?
1
What is the ten thousands digit of 39241491?
4
What is the tens digit of 1407680834?
3
What is the millions digit of 3358997474?
8
What is the millions digit of 8811933?
8
What is the millions digit of 1225346044?
5
What is the ten thousands digit of 21784147?
8
What is the ten millions digit of 111841816?
1
What is the units digit of 125395016?
6
What is the millions digit of 126233335?
6
What is the units digit of 48818489?
9
What is the ten thousands digit of 130317083?
1
What is the hundreds digit of 85561055?
0
What is the hundred thousands digit of 168622324?
6
What is the units digit of 368506518?
8
What is the hundreds digit of 186510342?
3
What is the millions digit of 132475160?
2
What is the millions digit of 137813768?
7
What is the hundred thousands digit of 125219483?
2
What is the ten thousands digit of 104600586?
0
What is the thousands digit of 129257646?
7
What is the ten millions digit of 74662431?
7
What is the thousands digit of 18325190?
5
What is the hundred thousands digit of 6391304?
3
What is the hundred millions digit of 1481879408?
4
What is the hundred thousands digit of 43645175?
6
What is the millions digit of 2095987488?
5
What is the ten thousands digit of 53016356?
1
What is the ten thousands digit of 19419900?
1
What is the millions digit of 3083490663?
3
What is the ten thousands digit of 49836338?
3
What is the millions digit of 1022914475?
2
What is the millions digit of 1107099131?
7
What is the hundreds digit of 52191849?
8
What is the ten thousands digit of 234473235?
7
What is the billions digit of 4251192506?
4
What is the units digit of 12714075?
5
What is the thousands digit of 924228670?
8
What is the ten millions digit of 44147468?
4
What is the hundred thousands digit of 1522783?
5
What is the hundred millions digit of 172025658?
1
What is the thousands digit of 30844957?
4
What is the thousands digit of 3150069868?
9
What is the hundred millions digit of 222248371?
2
What is the hundreds digit of 1972127989?
9
What is the units digit of 44142373?
3
What is the hundred thousands digit of 585342368?
3
What is the hundreds digit of 74037867?
8
What is the hundred millions digit of 400392762?
4
What is the millions digit of 27184860?
7
What is the units digit of 548401789?
9
What is the hundred thousands digit of 42704709?
7
What is the hundred thousands digit of 168076813?
0
What is the hundred thousands digit of 113057478?
0
What is the ten millions digit of 1788279198?
8
What is the hundred millions digit of 293833984?
2
What is the thousands digit of 2433103553?
3
What is the thousands digit of 794005358?
5
What is the thousands digit of 304201578?
1
What is the units digit of 893310081?
1
What is the ten thousands digit of 991316?
9
What is the ten millions digit of 2862336949?
6
What is the hundred thousands digit of 66283109?
2
What is the hundreds digit of 1859583061?
0
What is the units digit of 182189717?
7
What is the hundred millions digit of 3595217570?
5
What is the thousands digit of 1932997895?
7
What is the millions digit of 8559905?
8
What is the millions digit of 2985712782?
5
What is the ten thousands digit of 1593154432?
5
What is the ten millions digit of 1236651643?
3
What is the millions digit of 77474342?
7
What is the tens digit of 9356523?
2
What is the hundreds digit of 652437280?
2
What is the millions digit of 526913384?
6
What is the tens digit of 56138634?
3
What is the units digit of 766810493?
3
What is the units digit of 712283467?
7
What is the units digit of 385558178?
8
What is the hundred millions digit of 7186888121?
1
What is the ten millions digit of 515091556?
1
What is the hundred thousands digit of 3234670397?
6
What is the millions digit of 618366796?
8
What is the ten thousands digit of 12575868?
7
What is the hundred millions digit of 231506183?
2
What is the hundred thousands digit of 632484922?
4
What is the hundred thousands digit of 200783485?
7
What is the billions digit of 6372011432?
6
What is the ten thousands digit of 2782090046?
9
What is the millions digit of 177225958?
7
What is the tens digit of 179600448?
4
What is the ten millions digit of 281357013?
8
What is the thousands digit of 1635356114?
6
What is the millions digit of 58833973?
8
What is the units digit of 1241028239?
9
What is the units digit of 51959392?
2
What is the tens digit of 349084912?
1
What is the hundred thousands digit of 274437471?
4
What is the hundreds digit of 547444494?
4
What is the tens digit of 727450273?
7
What is the ten thousands digit of 52202528?
0
What is the units digit of 2989065746?
6
What is the tens digit of 3693755158?
5
What is the ten thousands digit of 1201432782?
3
What is the ten millions digit of 103077442?
0
What is the units digit of 92568188?
8
What is the ten thousands digit of 34001327?
0
What is the hundred millions digit of 1814600846?
8
What is the billions digit of 3539206472?
3
What is the tens digit of 19352939?
3
What is the hundreds digit of 369563655?
6
What is the units digit of 2119371587?
7
What is the ten thousands digit of 30690316?
9
What is the hundreds digit of 1116071025?
0
What is the hundred millions digit of 1656315952?
6
What is the ten millions digit of 369936937?
6
What is the hundred millions digit of 1958709553?
9
What is the hundred thousands digit of 303182367?
1
What is the millions digit of 33082229?
3
What is the thousands digit of 438237433?
7
What is the tens digit of 192557357?
5
What is the ten millions digit of 171954637?
7
What is the ten millions digit of 33064176?
3
What is the tens digit of 513782419?
1
What is the ten thousands digit of 104671971?
7
What is the hundred millions digit of 2334725177?
3
What is the millions digit of 675178464?
5
What is the thousands digit of 52529187?
9
What is the ten thousands digit of 1689930914?
3
What is the ten millions digit of 20082369?
2
What is the ten thousands digit of 58411999?
1
What is the units digit of 416732990?
0
What is the thousands digit of 928185228?
5
What is the hundred thousands digit of 372438925?
4
What is the millions digit of 3271118649?
1
What is the millions digit of 741425367?
1
What is the hundreds digit of 29099059?
0
What is the hundreds digit of 26333776?
7
What is the hundreds digit of 31923120?
1
What is the thousands digit of 56371358?
1
What is the hundred millions digit of 3121638633?
1
What is the hundred millions digit of 310524526?
3
What is the ten thousands digit of 362731111?
3
What is the thousands digit of 1751309109?
9
What is the ten thousands digit of 320686708?
8
What is the hundred thousands digit of 1157408?
1
What is the ten thousands digit of 655702948?
0
What is the units digit of 16699158?
8
What is the thousands digit of 16396747?
6
What is the tens digit of 4160763670?
7
What is the ten millions digit of 4056444782?
5
What is the units digit of 639501835?
5
What is the units digit of 2895907597?
7
What is the hundreds digit of 644627433?
4
What is the millions digit of 2969487608?
9
What is the hundred millions digit of 1172051081?
1
What is the millions digit of 390092076?
0
What is the millions digit of 90630096?
0
What is the units digit of 4719833811?
1
What is the billions digit of 1896018131?
1
What is the hundreds digit of 1164029406?
4
What is the hundred thousands digit of 554147513?
1
What is the hundred millions digit of 635026909?
6
What is the millions digit of 3393005562?
3
What is the units digit of 15200394?
4
What is the hundred millions digit of 302642567?
3
W